{"id":85,"date":"2020-10-08T14:21:31","date_gmt":"2020-10-08T18:21:31","guid":{"rendered":"https:\/\/fondationgracedart.com\/\/?page_id=85"},"modified":"2026-01-08T10:42:54","modified_gmt":"2026-01-08T15:42:54","slug":"foundation","status":"publish","type":"page","link":"https:\/\/fondationgracedart.com\/fr\/foundation\/","title":{"rendered":"Fondation"},"content":{"rendered":"<div data-elementor-type=\"wp-page\" data-elementor-id=\"85\" class=\"elementor elementor-85\" data-elementor-post-type=\"page\">\n\t\t\t\t\t\t<section class=\"elementor-section elementor-top-section elementor-element elementor-element-4a556e5 elementor-section-boxed elementor-section-height-default elementor-section-height-default\" data-id=\"4a556e5\" data-element_type=\"section\" data-e-type=\"section\">\n\t\t\t\t\t\t<div class=\"elementor-container elementor-column-gap-default\">\n\t\t\t\t\t<div class=\"elementor-column elementor-col-100 elementor-top-column elementor-element elementor-element-7efd324\" data-id=\"7efd324\" data-element_type=\"column\" data-e-type=\"column\">\n\t\t\t<div class=\"elementor-widget-wrap elementor-element-populated\">\n\t\t\t\t\t\t<div class=\"elementor-element elementor-element-0a7b3d7 elementor-widget elementor-widget-image\" data-id=\"0a7b3d7\" data-element_type=\"widget\" data-e-type=\"widget\" data-widget_type=\"image.default\">\n\t\t\t\t<div class=\"elementor-widget-container\">\n\t\t\t\t\t\t\t\t\t\t\t\t\t\t\t<img fetchpriority=\"high\" decoding=\"async\" width=\"2560\" height=\"1045\" src=\"https:\/\/fondationgracedart.com\/wp-content\/uploads\/2020\/10\/Foundation_page-copy-2-scaled.jpg\" class=\"attachment-full size-full wp-image-515\" alt=\"\" srcset=\"https:\/\/fondationgracedart.com\/wp-content\/uploads\/2020\/10\/Foundation_page-copy-2-scaled.jpg 2560w, https:\/\/fondationgracedart.com\/wp-content\/uploads\/2020\/10\/Foundation_page-copy-2-300x122.jpg 300w, https:\/\/fondationgracedart.com\/wp-content\/uploads\/2020\/10\/Foundation_page-copy-2-1024x418.jpg 1024w, https:\/\/fondationgracedart.com\/wp-content\/uploads\/2020\/10\/Foundation_page-copy-2-768x313.jpg 768w, https:\/\/fondationgracedart.com\/wp-content\/uploads\/2020\/10\/Foundation_page-copy-2-1536x627.jpg 1536w, https:\/\/fondationgracedart.com\/wp-content\/uploads\/2020\/10\/Foundation_page-copy-2-2048x836.jpg 2048w, https:\/\/fondationgracedart.com\/wp-content\/uploads\/2020\/10\/Foundation_page-copy-2-16x7.jpg 16w, https:\/\/fondationgracedart.com\/wp-content\/uploads\/2020\/10\/Foundation_page-copy-2-24x10.jpg 24w, https:\/\/fondationgracedart.com\/wp-content\/uploads\/2020\/10\/Foundation_page-copy-2-36x15.jpg 36w, https:\/\/fondationgracedart.com\/wp-content\/uploads\/2020\/10\/Foundation_page-copy-2-48x20.jpg 48w\" sizes=\"(max-width: 2560px) 100vw, 2560px\" \/>\t\t\t\t\t\t\t\t\t\t\t\t\t\t\t<\/div>\n\t\t\t\t<\/div>\n\t\t\t\t\t<\/div>\n\t\t<\/div>\n\t\t\t\t\t<\/div>\n\t\t<\/section>\n\t\t\t\t<section class=\"elementor-section elementor-top-section elementor-element elementor-element-77729b3 elementor-section-boxed elementor-section-height-default elementor-section-height-default\" data-id=\"77729b3\" data-element_type=\"section\" data-e-type=\"section\">\n\t\t\t\t\t\t<div class=\"elementor-container elementor-column-gap-default\">\n\t\t\t\t\t<div class=\"elementor-column elementor-col-100 elementor-top-column elementor-element elementor-element-3a6ca0c\" data-id=\"3a6ca0c\" data-element_type=\"column\" data-e-type=\"column\">\n\t\t\t<div class=\"elementor-widget-wrap elementor-element-populated\">\n\t\t\t\t\t\t<div class=\"elementor-element elementor-element-884591c elementor-widget-divider--view-line elementor-widget elementor-widget-divider\" data-id=\"884591c\" data-element_type=\"widget\" data-e-type=\"widget\" data-widget_type=\"divider.default\">\n\t\t\t\t<div class=\"elementor-widget-container\">\n\t\t\t\t\t\t\t<div class=\"elementor-divider\">\n\t\t\t<span class=\"elementor-divider-separator\">\n\t\t\t\t\t\t<\/span>\n\t\t<\/div>\n\t\t\t\t\t\t<\/div>\n\t\t\t\t<\/div>\n\t\t\t\t<div class=\"elementor-element elementor-element-20fb629 elementor-widget elementor-widget-heading\" data-id=\"20fb629\" data-element_type=\"widget\" data-e-type=\"widget\" data-widget_type=\"heading.default\">\n\t\t\t\t<div class=\"elementor-widget-container\">\n\t\t\t\t\t<h2 class=\"elementor-heading-title elementor-size-default\">Fondation<\/h2>\t\t\t\t<\/div>\n\t\t\t\t<\/div>\n\t\t\t\t<div class=\"elementor-element elementor-element-de5d73e elementor-widget elementor-widget-text-editor\" data-id=\"de5d73e\" data-element_type=\"widget\" data-e-type=\"widget\" data-widget_type=\"text-editor.default\">\n\t\t\t\t<div class=\"elementor-widget-container\">\n\t\t\t\t\t\t\t\t\t<p>La Fondation est ancr\u00e9e dans son engagement et son service dans ses cinq axes de dons : besoins fondamentaux, solitude et isolement, socialisation et d\u00e9veloppement personnel, troubles cognitifs et milieu de vie. Ces axes guident nos dons et le choix des b\u00e9n\u00e9ficiaires des dons.<\/p><p>Alors que nous tra\u00e7ons la voie \u00e0 suivre, les membres du conseil d'administration de la Fondation comprennent que notre travail consiste \u00e0 soutenir les personnes \u00e2g\u00e9es par des approches innovantes qui prennent soin d'elles dans un monde en mutation.<\/p><p>Tourn\u00e9s vers l'avenir, tout en gardant \u00e0 l'esprit les contributions de ceux qui ont \u00e9crit l'histoire de la r\u00e9ussite de la Fondation, nous avons d\u00e9m\u00e9nag\u00e9 dans un lieu plus central sur l'avenue Greene \u00e0 Westmount en 2020. Nous avons entrepris un effort sans pr\u00e9c\u00e9dent pour renouveler nos dons et \u00e9tendre notre port\u00e9e aux communaut\u00e9s du Grand Montr\u00e9al qui n'\u00e9taient pas desservies par notre financement. Chaque ann\u00e9e plus de 2 millions de dollars sont vers\u00e9s \u00e0 plus de 40 organismes de la grande r\u00e9gion de Montr\u00e9al. Aidant les a\u00een\u00e9s, les personnes d\u00e9munies et les personnes isol\u00e9es gr\u00e2ce \u00e0 des programmes novateurs et \u00e0 de nouvelles fa\u00e7ons de penser pour atteindre notre communaut\u00e9. Nous saluons leurs efforts et continuerons \u00e0 les soutenir.<\/p><p>Nous avons de grands projets pour le future et nous nous r\u00e9jouissons de travailler avec vous pour am\u00e9liorer les services locaux et soutenir les a\u00een\u00e9s de notre communaut\u00e9.<\/p>\t\t\t\t\t\t\t\t<\/div>\n\t\t\t\t<\/div>\n\t\t\t\t<div class=\"elementor-element elementor-element-3dfdfef elementor-widget elementor-widget-heading\" data-id=\"3dfdfef\" data-element_type=\"widget\" data-e-type=\"widget\" data-widget_type=\"heading.default\">\n\t\t\t\t<div class=\"elementor-widget-container\">\n\t\t\t\t\t<h2 class=\"elementor-heading-title elementor-size-default\">Valeurs<\/h2>\t\t\t\t<\/div>\n\t\t\t\t<\/div>\n\t\t\t\t<div class=\"elementor-element elementor-element-c1d60fc elementor-widget elementor-widget-text-editor\" data-id=\"c1d60fc\" data-element_type=\"widget\" data-e-type=\"widget\" data-widget_type=\"text-editor.default\">\n\t\t\t\t<div class=\"elementor-widget-container\">\n\t\t\t\t\t\t\t\t\t<h4><strong>RESPECT<br \/><\/strong><\/h4>\t\t\t\t\t\t\t\t<\/div>\n\t\t\t\t<\/div>\n\t\t\t\t<div class=\"elementor-element elementor-element-053774b elementor-widget elementor-widget-text-editor\" data-id=\"053774b\" data-element_type=\"widget\" data-e-type=\"widget\" data-widget_type=\"text-editor.default\">\n\t\t\t\t<div class=\"elementor-widget-container\">\n\t\t\t\t\t\t\t\t\t<p>Reconnai\u0302tre la valeur intrinse\u0300que de chaque personne que nous aidons, car chaque re\u0301sident d\u2019un e\u0301tablissement de soins de longue dure\u0301e et chaque ai\u0302ne\u0301(e) de notre socie\u0301te\u0301 me\u0301rite d\u2019e\u0302tre valorise\u0301(e).<\/p>\t\t\t\t\t\t\t\t<\/div>\n\t\t\t\t<\/div>\n\t\t\t\t<div class=\"elementor-element elementor-element-070e465 elementor-widget elementor-widget-text-editor\" data-id=\"070e465\" data-element_type=\"widget\" data-e-type=\"widget\" data-widget_type=\"text-editor.default\">\n\t\t\t\t<div class=\"elementor-widget-container\">\n\t\t\t\t\t\t\t\t\t<h4><strong>DIGNIT\u00c9<br \/><\/strong><\/h4>\t\t\t\t\t\t\t\t<\/div>\n\t\t\t\t<\/div>\n\t\t\t\t<div class=\"elementor-element elementor-element-324fd05 elementor-widget elementor-widget-text-editor\" data-id=\"324fd05\" data-element_type=\"widget\" data-e-type=\"widget\" data-widget_type=\"text-editor.default\">\n\t\t\t\t<div class=\"elementor-widget-container\">\n\t\t\t\t\t\t\t\t\t<p>S\u2019occuper de nos ai\u0302ne\u0301s en leur offrant de l\u2019aide et en leur accordant une attention particulie\u0300re dans leur quotidien. Ces personnes me\u0301ritent d\u2019e\u0302tre traite\u0301es comme des membres importants de notre collectivite\u0301.<\/p>\t\t\t\t\t\t\t\t<\/div>\n\t\t\t\t<\/div>\n\t\t\t\t<div class=\"elementor-element elementor-element-a33ad4a elementor-widget elementor-widget-text-editor\" data-id=\"a33ad4a\" data-element_type=\"widget\" data-e-type=\"widget\" data-widget_type=\"text-editor.default\">\n\t\t\t\t<div class=\"elementor-widget-container\">\n\t\t\t\t\t\t\t\t\t<h4><strong>GENTILLESSE<br \/><\/strong><\/h4>\t\t\t\t\t\t\t\t<\/div>\n\t\t\t\t<\/div>\n\t\t\t\t<div class=\"elementor-element elementor-element-cc961ce elementor-widget elementor-widget-text-editor\" data-id=\"cc961ce\" data-element_type=\"widget\" data-e-type=\"widget\" data-widget_type=\"text-editor.default\">\n\t\t\t\t<div class=\"elementor-widget-container\">\n\t\t\t\t\t\t\t\t\t<p>Notre fac\u0327on d\u2019aborder nos ai\u0302ne\u0301s guide chacune des actions de la Fondation Grace Dart. Notre travail incarne notre devise : Amour et Bonte\u0301.<\/p>\t\t\t\t\t\t\t\t<\/div>\n\t\t\t\t<\/div>\n\t\t\t\t\t<\/div>\n\t\t<\/div>\n\t\t\t\t\t<\/div>\n\t\t<\/section>\n\t\t\t\t<\/div>","protected":false},"excerpt":{"rendered":"<p>Foundation The Foundation is anchored in its commitment and service to its five areas of giving: basic needs, loneliness and isolation, socialization and personal development, cognitive disorders, and living environment. These areas guide our giving and choice of donation recipients. As we chart the way forward, the Foundation\u2019s members of the Board of Directors understand&hellip;&nbsp;<a href=\"https:\/\/fondationgracedart.com\/fr\/foundation\/\" rel=\"bookmark\">Lire la suite &raquo;<span class=\"screen-reader-text\">Fondation<\/span><\/a><\/p>","protected":false},"author":1,"featured_media":0,"parent":0,"menu_order":0,"comment_status":"closed","ping_status":"closed","template":"page-templates\/template-pagebuilder-full-width.php","meta":{"neve_meta_sidebar":"full-width","neve_meta_container":"","neve_meta_enable_content_width":"on","neve_meta_content_width":100,"neve_meta_title_alignment":"","neve_meta_author_avatar":"","neve_post_elements_order":"","neve_meta_disable_header":"","neve_meta_disable_footer":"","neve_meta_disable_title":"","footnotes":""},"class_list":["post-85","page","type-page","status-publish","hentry"],"jetpack_sharing_enabled":true,"_links":{"self":[{"href":"https:\/\/fondationgracedart.com\/fr\/wp-json\/wp\/v2\/pages\/85","targetHints":{"allow":["GET"]}}],"collection":[{"href":"https:\/\/fondationgracedart.com\/fr\/wp-json\/wp\/v2\/pages"}],"about":[{"href":"https:\/\/fondationgracedart.com\/fr\/wp-json\/wp\/v2\/types\/page"}],"author":[{"embeddable":true,"href":"https:\/\/fondationgracedart.com\/fr\/wp-json\/wp\/v2\/users\/1"}],"replies":[{"embeddable":true,"href":"https:\/\/fondationgracedart.com\/fr\/wp-json\/wp\/v2\/comments?post=85"}],"version-history":[{"count":5,"href":"https:\/\/fondationgracedart.com\/fr\/wp-json\/wp\/v2\/pages\/85\/revisions"}],"predecessor-version":[{"id":1495,"href":"https:\/\/fondationgracedart.com\/fr\/wp-json\/wp\/v2\/pages\/85\/revisions\/1495"}],"wp:attachment":[{"href":"https:\/\/fondationgracedart.com\/fr\/wp-json\/wp\/v2\/media?parent=85"}],"curies":[{"name":"wp","href":"https:\/\/api.w.org\/{rel}","templated":true}]}}

<div data-elementor-type="wp-page" data-elementor-id="85" class="elementor elementor-85" data-elementor-post-type="page">
						<section class="elementor-section elementor-top-section elementor-element elementor-element-4a556e5 elementor-section-boxed elementor-section-height-default elementor-section-height-default" data-id="4a556e5" data-element_type="section" data-e-type="section">
						<div class="elementor-container elementor-column-gap-default">
					<div class="elementor-column elementor-col-100 elementor-top-column elementor-element elementor-element-7efd324" data-id="7efd324" data-element_type="column" data-e-type="column">
			<div class="elementor-widget-wrap elementor-element-populated">
						<div class="elementor-element elementor-element-0a7b3d7 elementor-widget elementor-widget-image" data-id="0a7b3d7" data-element_type="widget" data-e-type="widget" data-widget_type="image.default">
				<div class="elementor-widget-container">
															<img fetchpriority="high" decoding="async" width="2560" height="1045" src="https://fondationgracedart.com/wp-content/uploads/2020/10/Foundation_page-copy-2-scaled.jpg" class="attachment-full size-full wp-image-515" alt="" srcset="https://fondationgracedart.com/wp-content/uploads/2020/10/Foundation_page-copy-2-scaled.jpg 2560w, https://fondationgracedart.com/wp-content/uploads/2020/10/Foundation_page-copy-2-300x122.jpg 300w, https://fondationgracedart.com/wp-content/uploads/2020/10/Foundation_page-copy-2-1024x418.jpg 1024w, https://fondationgracedart.com/wp-content/uploads/2020/10/Foundation_page-copy-2-768x313.jpg 768w, https://fondationgracedart.com/wp-content/uploads/2020/10/Foundation_page-copy-2-1536x627.jpg 1536w, https://fondationgracedart.com/wp-content/uploads/2020/10/Foundation_page-copy-2-2048x836.jpg 2048w, https://fondationgracedart.com/wp-content/uploads/2020/10/Foundation_page-copy-2-16x7.jpg 16w, https://fondationgracedart.com/wp-content/uploads/2020/10/Foundation_page-copy-2-24x10.jpg 24w, https://fondationgracedart.com/wp-content/uploads/2020/10/Foundation_page-copy-2-36x15.jpg 36w, https://fondationgracedart.com/wp-content/uploads/2020/10/Foundation_page-copy-2-48x20.jpg 48w" sizes="(max-width: 2560px) 100vw, 2560px" />															</div>
				</div>
					</div>
		</div>
					</div>
		</section>
				<section class="elementor-section elementor-top-section elementor-element elementor-element-77729b3 elementor-section-boxed elementor-section-height-default elementor-section-height-default" data-id="77729b3" data-element_type="section" data-e-type="section">
						<div class="elementor-container elementor-column-gap-default">
					<div class="elementor-column elementor-col-100 elementor-top-column elementor-element elementor-element-3a6ca0c" data-id="3a6ca0c" data-element_type="column" data-e-type="column">
			<div class="elementor-widget-wrap elementor-element-populated">
						<div class="elementor-element elementor-element-884591c elementor-widget-divider--view-line elementor-widget elementor-widget-divider" data-id="884591c" data-element_type="widget" data-e-type="widget" data-widget_type="divider.default">
				<div class="elementor-widget-container">
							<div class="elementor-divider">
			<span class="elementor-divider-separator">
						</span>
		</div>
						</div>
				</div>
				<div class="elementor-element elementor-element-20fb629 elementor-widget elementor-widget-heading" data-id="20fb629" data-element_type="widget" data-e-type="widget" data-widget_type="heading.default">
				<div class="elementor-widget-container">
					<h2 class="elementor-heading-title elementor-size-default">Fondation</h2>				</div>
				</div>
				<div class="elementor-element elementor-element-de5d73e elementor-widget elementor-widget-text-editor" data-id="de5d73e" data-element_type="widget" data-e-type="widget" data-widget_type="text-editor.default">
				<div class="elementor-widget-container">
									<p>La Fondation est ancrée dans son engagement et son service dans ses cinq axes de dons : besoins fondamentaux, solitude et isolement, socialisation et développement personnel, troubles cognitifs et milieu de vie. Ces axes guident nos dons et le choix des bénéficiaires des dons.</p><p>Alors que nous traçons la voie à suivre, les membres du conseil d'administration de la Fondation comprennent que notre travail consiste à soutenir les personnes âgées par des approches innovantes qui prennent soin d'elles dans un monde en mutation.</p><p>Tournés vers l'avenir, tout en gardant à l'esprit les contributions de ceux qui ont écrit l'histoire de la réussite de la Fondation, nous avons déménagé dans un lieu plus central sur l'avenue Greene à Westmount en 2020. Nous avons entrepris un effort sans précédent pour renouveler nos dons et étendre notre portée aux communautés du Grand Montréal qui n'étaient pas desservies par notre financement. Chaque année plus de 2 millions de dollars sont versés à plus de 40 organismes de la grande région de Montréal. Aidant les aînés, les personnes démunies et les personnes isolées grâce à des programmes novateurs et à de nouvelles façons de penser pour atteindre notre communauté. Nous saluons leurs efforts et continuerons à les soutenir.</p><p>Nous avons de grands projets pour le future et nous nous réjouissons de travailler avec vous pour améliorer les services locaux et soutenir les aînés de notre communauté.</p>								</div>
				</div>
				<div class="elementor-element elementor-element-3dfdfef elementor-widget elementor-widget-heading" data-id="3dfdfef" data-element_type="widget" data-e-type="widget" data-widget_type="heading.default">
				<div class="elementor-widget-container">
					<h2 class="elementor-heading-title elementor-size-default">Valeurs</h2>				</div>
				</div>
				<div class="elementor-element elementor-element-c1d60fc elementor-widget elementor-widget-text-editor" data-id="c1d60fc" data-element_type="widget" data-e-type="widget" data-widget_type="text-editor.default">
				<div class="elementor-widget-container">
									<h4><strong>RESPECT<br /></strong></h4>								</div>
				</div>
				<div class="elementor-element elementor-element-053774b elementor-widget elementor-widget-text-editor" data-id="053774b" data-element_type="widget" data-e-type="widget" data-widget_type="text-editor.default">
				<div class="elementor-widget-container">
									<p>Reconnaître la valeur intrinsèque de chaque personne que nous aidons, car chaque résident d’un établissement de soins de longue durée et chaque aîné(e) de notre société mérite d’être valorisé(e).</p>								</div>
				</div>
				<div class="elementor-element elementor-element-070e465 elementor-widget elementor-widget-text-editor" data-id="070e465" data-element_type="widget" data-e-type="widget" data-widget_type="text-editor.default">
				<div class="elementor-widget-container">
									<h4><strong>DIGNITÉ<br /></strong></h4>								</div>
				</div>
				<div class="elementor-element elementor-element-324fd05 elementor-widget elementor-widget-text-editor" data-id="324fd05" data-element_type="widget" data-e-type="widget" data-widget_type="text-editor.default">
				<div class="elementor-widget-container">
									<p>S’occuper de nos aînés en leur offrant de l’aide et en leur accordant une attention particulière dans leur quotidien. Ces personnes méritent d’être traitées comme des membres importants de notre collectivité.</p>								</div>
				</div>
				<div class="elementor-element elementor-element-a33ad4a elementor-widget elementor-widget-text-editor" data-id="a33ad4a" data-element_type="widget" data-e-type="widget" data-widget_type="text-editor.default">
				<div class="elementor-widget-container">
									<h4><strong>GENTILLESSE<br /></strong></h4>								</div>
				</div>
				<div class="elementor-element elementor-element-cc961ce elementor-widget elementor-widget-text-editor" data-id="cc961ce" data-element_type="widget" data-e-type="widget" data-widget_type="text-editor.default">
				<div class="elementor-widget-container">
									<p>Notre façon d’aborder nos aînés guide chacune des actions de la Fondation Grace Dart. Notre travail incarne notre devise : Amour et Bonté.</p>								</div>
				</div>
					</div>
		</div>
					</div>
		</section>
				</div>
